739. Is (2/4)/(2/h) a prime number?
False
Suppose 3*m + 4 = 5*m - 4*y, 2*y = 2*m - 2. Suppose m*f - 5*f = -435. Is f a composite number?
True
Let l(r) = 451*r**2. Suppose 4*j + y + 1 = 0, j = 5*y - 9 - 7. Is l(j) a composite number?
True
Suppose -5*q + 236 = -q - 4*b, 0 = -5*q + 4*b + 291. Suppose -t + 2*u = -q, -4*t + 5*t + u = 46. Is t prime?
False
Is 540 - (-1 + -4 - -4) a composite number?
False
Suppose -2*b = 2*o - 230, -b = o + b - 119. Is o composite?
True
Let o = 24 - 14. Is 59/4 + o/40 composite?
True
Suppose 241 = -l + 3030. Is l prime?
True
Is -12*1/(-4) + 2825 + -1 a prime number?
False
Is (5894/(-21))/((-1)/3) a prime number?
False
Suppose -2*x - 3*x = 2*a - 2075, -3*a + 4*x + 3055 = 0. Suppose -2*p = -2*j + 107 + a, 2309 = 4*j + 5*p. Suppose 5*i - 204 = j. Is i a prime number?
False
Let g be (2 + (1 - 2))*33. Let c = g - -5. Is c a composite number?
True
Suppose 258*z = 255*z + 1923. Is z prime?
True
Suppose -5*u - 1615 = -n - 5576, 4*u - 3152 = 5*n. Is u composite?
True
Let i(s) = 65*s. Let n(u) = -3510*u. Let g(q) = -325*i(q) - 6*n(q). Suppose v = 3*v + 2. Is g(v) prime?
False
Suppose -5*p + 3*r = -558, 3*r - 601 + 160 = -4*p. Is p a prime number?
False
Let q(r) = -541*r**3 + 2*r**2 + 3*r + 1. Is q(-1) prime?
True
Let g = -631 + 1060. Suppose 2*l + 11 - g = 0. Is l a composite number?
True
Let z be (4/(-5))/(4/(-10)). Let r(s) = 10*s**3 - 2*s + 1. Is r(z) a composite number?
True
Let a = -431 - -1042. Is a a prime number?
False
Suppose 0 = o + 2*j - 5*j - 229, -j + 217 = o. Suppose -o = -3*t - 55. Is t a prime number?
False
Let z = 563 - 336. Let u = z - 144. Is u a composite number?
False
Suppose 4*t = 6*t. Suppose 5*k - 3*k - 250 = 0. Suppose y + 4*y - k = t. Is y composite?
True
Let c(a) be the second derivative of a**4/6 - 7*a**3/6 + 7*a**2/2 - a. Is c(6) a composite number?
False
Suppose -3*n = 2*n - 10. Suppose 337 = 3*j - 2*y, -n*j + 152 + 86 = 2*y. Is j a composite number?
True
Is (-12)/84 + (-8592)/(-21) composite?
False
Suppose -l - 2*l = 3*a + 51, 5*l + 45 = 5*a. Let n = l - -9. Is ((-10)/n)/5*74 composite?
False
Let q be (-1)/((-1)/(-10))*1. Is 2090/14 + q/35 a composite number?
False
Let h(o) = 4*o**2 - 3*o - 7. Is h(6) prime?
False
Let o(c) = -29*c - 2. Is o(-9) prime?
False
Suppose -s - 138 = -2*s - 3*n, 3*s = 3*n + 390. Let h = s - 72. Let a = h + 7. Is a prime?
True
Let i = 20 + -28. Let v(f) = -f**3 - 10*f**2 - 12*f - 6. Let g be v(i). Is 2 + (-1)/2*g a prime number?
False
Let a(t) = -t**3 - 3*t**2 - 5*t + 3. Is a(-6) composite?
True
Is (165/(-6))/((-1)/2) composite?
True
Is ((-223)/(-2))/(3/6) composite?
False
Let u(i) = -i - 5. Let h be u(-5). Let z = -39 - -58. Let s = z - h. Is s prime?
True
Suppose -3*i - 3*i = -6846. Is i a prime number?
False
Let o(z) = z**3 + 2*z**2 - 3*z - 4. Let q be o(-3). Let i(y) = -y**3 - 3*y**2 + 3*y - 1. Let s be i(q). Is -4 + s - -2*27 a prime number?
True
Let b(y) = -3*y. Let j be b(7). Let q = -10 - j. Let h = q - 0. Is h composite?
False
Suppose 5*l - c = 48, 0 = -2*l + 3*l - 2*c - 15. Suppose -3*f = -2*x - 22, 5*x + l = -f - 3*f. Suppose -5*w + u - 8 = -10*w, f*w - 4*u - 16 = 0. Is w composite?
False
Suppose 2*i - 18 = -3*f, i - 3*f + 2 + 7 = 0. Suppose -2*m + 1 = -i, 5*t - 1539 = -2*m. Is t a prime number?
True
Suppose z - 1 = 1. Suppose z*l - l = 263. Is l a prime number?
True
Let j be ((-3)/(-1))/3 - -2. Suppose 0 = 3*x - 54 + j. Suppose -9 = -2*z + x. Is z composite?
False
Let s = -9305 + 16486. Is s a composite number?
True
Let s = 1 - 0. Suppose v + s = 4. Is -47*2/((-6)/v) a prime number?
True
Suppose -5*m = -493 - 1837. Is m prime?
False
Is (-10)/25 - (-26814)/10 composite?
True
Let z = 290 + -20. Suppose w - 261 - z = -2*d, -793 = -3*d + 2*w. Is d a composite number?
True
Is (-2)/(-5) + (-55601)/(-35) a prime number?
False
Is (-7 + 9)*5579/2 a prime number?
False
Suppose -2*c + 1038 = c. Suppose 0 = -4*l + v + c, 4*l = -4*v + v + 338. Is l a composite number?
True
Let h = 328 + -119. Let z = -89 - -7. Let f = z + h. Is f a composite number?
False
Let f = 129 - 32. Is f prime?
True
Let d = 241 - -82. Is d prime?
False
Suppose -3*p = 3*p - 18. Is (p + -6)/(-3)*89 composite?
False
Suppose 2*l - 7*l = 10. Is 3436/24 + l/12 a prime number?
False
Suppose 0 = -3*x + 127 - 550. Suppose 4*i + 0*i - 698 = -3*v, 1146 = 5*v - 2*i. Let c = x + v. Is c a prime number?
True
Suppose -19*f - 2031 = -22*f. Is f composite?
False
Suppose -4*z + 1027 + 2169 = 0. Is z a composite number?
True
Suppose 2804 = 2*h + 2*h. Is h a composite number?
False
Suppose 0 = -3*t + 3*h + 513, 2*t + h + 2*h = 357. Suppose k + 447 = 3*n, k - t = -n - 25. Is n a composite number?
False
Suppose 6*j + 544 = 2*j. Let q = 129 - j. Is q a prime number?
False
Let j(y) = 13*y**3 + y**2 - 6*y + 11. Is j(6) a prime number?
True
Suppose 3*t + 24 = -75. Let f = t + 98. Is f composite?
True
Let k(f) = 18*f + 9. Let i be k(6). Suppose -2*c = -5*t - 107 + 29, -3*c - 3*t = -i. Is c composite?
True
Let k(o) = o**3 - 8*o**2 - 8*o - 7. Let n be k(9). Suppose -t + 2*t = n. Suppose 4*a - 53 = -u, -4*u + 127 = -t*u + a. Is u composite?
True
Let u = 644 - 81. Is u a prime number?
True
Suppose 0 = 2*m + 3*m - 20. Let s(k) = -k**3 + 4*k**2 + 2*k - 3. Let o be s(m). Suppose -b = -o - 8. Is b composite?
False
Let d = 6 + -2. Suppose d - 10 = -3*k. Suppose 0*v = -k*v + 106. Is v composite?
False
Suppose 0 = -7*p + 3*p + 412. Is p a composite number?
False
Let b(z) = z**3 + 3*z**2 - 5*z - 1. Let c be b(-4). Suppose c*t + 0*t = -3. Is 1/t - (-2 + -14) composite?
True
Suppose -58 - 52 = -5*u. Let r be (0 - 0) + 1*7. Let b = u - r. Is b prime?
False
Let p(v) = v**3 + 2*v**2 - v. Let i be -1 + (0 - (-6)/3). Let z be p(i). Suppose -b = -3*w - 37, 2*b + z*w + 3*w - 74 = 0. Is b a composite number?
False
Suppose -5*u + 1110 + 130 = 0. Let k = -151 + u. Is k prime?
True
Let y(u) = 54*u**3 - u**2 + 5*u - 1. Is y(2) prime?
False
Suppose -4*t + 3*v - 174 = 0, -t - 4*v - 29 = 24. Let u = 10 - t. Is u prime?
False
Let g be (-9)/(-6) - (-2)/4. Suppose -41 = -g*l + 131. Is l composite?
True
Let t be (-155)/2 + 4/8. Is (-4)/((-8)/t)*-2 a composite number?
True
Let u(w) = -w**2 + 8*w - 3. Let a be u(8). Let q be a/((-3)/(-12)*-3). Let t(l) = 14*l**2 - 3*l - 1. Is t(q) a prime number?
True
Is (-131 + 8)*(1 + -2) a composite number?
True
Let c = 430 - 197. Is c a prime number?
True
Let h be (-37 - -7)*2/5. Let f = h - -19. Is f prime?
True
Let q(k) = k**2 - 9*k. Suppose -4*m + m = -18. Let z be q(m). Is (-97)/(-9) - 4/z prime?
True
Let l(o) = 203*o + 37. Is l(14) prime?
True
Suppose -5*k - 2*c = -3*c - 5193, 1029 = k - 5*c. Is k a composite number?
False
Let f = -81 - -134. Is f a prime number?
True
Let t(d) be the first derivative of d**3/3 + d**2/2 - 4*d - 1. Let k be t(-3). Suppose 2*i - 160 = -2*m, 2*i - k*m = -i + 225. Is i a composite number?
True
Is 4*(-1)/(-4)*91 composite?
True
Suppose 4*h + 26 = -98. Let x = -65 + 109. Let o = h + x. Is o prime?
True
Suppose -u = -5*f - 2*u + 17, -3*f + 4*u = -1. Suppose -f*q + 158 = -q. Is q a prime number?
True
Let m(s) = s**3 - 5*s**2 + 7*s - 4. Let z = -5 + 9. Let o be m(z). Suppose 2*k = -4*c + o, -c + 3 - 26 = -2*k. Is k a prime number?
False
Let d(v) = v + 3*v**2 - 1 + 0*v + 0*v**2 - 2*v**3. Let s be 0 - (-2 + 3 - -1). Is d(s) prime?
False
Let k = 6 - 1. Suppose -1 = -k*b + 574. Is b composite?
True
Suppose -5*i + 6 = -9. Suppose -i*c = -19 - 38. Is c a composite number?
False
Let v(h) = -134*h + 17. Is v(-6) a composite number?
False
Let x = -22 + 23. Is 84 + -2 - (x + -2) prime?
True
Let q(w) = 3 - 4 + 0 - 2*w. Let a be q(4). Is 238/18 - (-2)/a composite?
False
Suppose -2*z = -4*z - 2*a - 6, 2*a + 4 = -3*z. Suppose 4*h - z*h = 180. Is h + (-3 - 0)/(-3) composite?
True
Suppose 3*t = 4*c + 909, 0*t + 5*t - c - 1532 = 0. Is t prime?
True
Is -2 - (-3 - (-184)/(-1)) a composite number?
True
Suppose 0 = j + 2*i + 5, -5*j - i + 2 = 0. Let y = j - -1. Is ((-149)/2)/((-1)/y) composite?
False
Suppose l + 3 = -3*v, 3*l + 0*l - 4*v = 17. Suppose l*m - 4*o - 12 = m, 2*o - 2 = -3*m. Is m composite?
False
Suppose -4470 = -8*l + 5*l. Suppose c + 4*h - 3*h - 372 = 0, 2*h - l = -4*c. Is c a composite number?
False
Suppose 0 = s - 4 + 6. Let m be 10*(-2)/8*s. Suppose 67 = 5*o + 4*f, -m = 4*o + 5*f - 55. Is o a 